en 745 is divided by 63?
52
What is the remainder when 897 is divided by 25?
22
Calculate the remainder when 13 is divided by 7.
6
What is the remainder when 38 is divided by 17?
4
What is the remainder when 1212 is divided by 246?
228
Calculate the remainder when 2715 is divided by 28.
27
Calculate the remainder when 137 is divided by 53.
31
Calculate the remainder when 205 is divided by 47.
17
What is the remainder when 362 is divided by 168?
26
Calculate the remainder when 1018 is divided by 147.
136
Calculate the remainder when 879 is divided by 152.
119
What is the remainder when 222 is divided by 57?
51
Calculate the remainder when 649 is divided by 7.
5
What is the remainder when 3512 is divided by 95?
92
What is the remainder when 2983 is divided by 15?
13
Calculate the remainder when 816 is divided by 20.
16
Calculate the remainder when 54 is divided by 23.
8
Calculate the remainder when 97 is divided by 33.
31
Calculate the remainder when 1152 is divided by 15.
12
Calculate the remainder when 351 is divided by 147.
57
What is the remainder when 14 is divided by 5?
4
Calculate the remainder when 8957 is divided by 32.
29
Calculate the remainder when 221 is divided by 41.
16
Calculate the remainder when 231 is divided by 44.
11
What is the remainder when 263 is divided by 15?
8
Calculate the remainder when 872 is divided by 89.
71
What is the remainder when 784 is divided by 187?
36
What is the remainder when 448 is divided by 233?
215
Calculate the remainder when 205 is divided by 14.
9
Calculate the remainder when 177 is divided by 15.
12
What is the remainder when 1407 is divided by 44?
43
Calculate the remainder when 72 is divided by 45.
27
Calculate the remainder when 519 is divided by 35.
29
Calculate the remainder when 6690 is divided by 7.
5
What is the remainder when 584 is divided by 39?
38
Calculate the remainder when 198 is divided by 171.
27
Calculate the remainder when 1935 is divided by 148.
11
What is the remainder when 146 is divided by 75?
71
Calculate the remainder when 139 is divided by 14.
13
What is the remainder when 1961 is divided by 218?
217
What is the remainder when 884 is divided by 99?
92
Calculate the remainder when 283 is divided by 49.
38
Calculate the remainder when 453 is divided by 62.
19
What is the remainder when 1454 is divided by 489?
476
What is the remainder when 2717 is divided by 83?
61
Calculate the remainder when 659 is divided by 147.
71
Calculate the remainder when 554 is divided by 69.
2
Calculate the remainder when 102 is divided by 40.
22
What is the remainder when 445 is divided by 69?
31
What is the remainder when 625 is divided by 37?
33
What is the remainder when 1514 is divided by 138?
134
What is the remainder when 445 is divided by 32?
29
What is the remainder when 1024 is divided by 6?
4
What is the remainder when 271 is divided by 29?
10
What is the remainder when 1462 is divided by 424?
190
What is the remainder when 222 is divided by 76?
70
Calculate the remainder when 254 is divided by 93.
68
Calculate the remainder when 63 is divided by 8.
7
Calculate the remainder when 5476 is divided by 1825.
1
Calculate the remainder when 207 is divided by 85.
37
Calculate the remainder when 123 is divided by 14.
11
Calculate the remainder when 791 is divided by 13.
11
What is the remainder when 3676 is divided by 1834?
8
Calculate the remainder when 1853 is divided by 5.
3
What is the remainder when 919 is divided by 25?
19
What is the remainder when 732 is divided by 49?
46
What is the remainder when 6295 is divided by 36?
31
What is the remainder when 111 is divided by 16?
15
What is the remainder when 877 is divided by 89?
76
What is the remainder when 2366 is divided by 2356?
10
What is the remainder when 1754 is divided by 356?
330
Calculate the remainder when 154 is divided by 73.
8
What is the remainder when 632 is divided by 53?
49
Calculate the remainder when 137 is divided by 35.
32
What is the remainder when 758 is divided by 247?
17
Calculate the remainder when 14873 is divided by 134.
133
What is the remainder when 3668 is divided by 153?
149
What is the remainder when 406 is divided by 137?
132
What is the remainder when 577 is divided by 96?
1
What is the remainder when 352 is divided by 18?
10
Calculate the remainder when 538 is divided by 119.
62
Calculate the remainder when 12913 is divided by 22.
21
What is the remainder when 175 is divided by 76?
23
Calculate the remainder when 1100 is divided by 69.
65
Calculate the remainder when 1542 is divided by 140.
2
Calculate the remainder when 248 is divided by 104.
40
What is the remainder when 3446 is divided by 9?
8
What is the remainder when 97 is divided by 15?
7
Calculate the remainder when 524 is divided by 44.
40
Calculate the remainder when 314 is divided by 107.
100
Calculate the remainder when 23 is divided by 6.
5
Calculate the remainder when 1031 is divided by 115.
111
What is the remainder when 579 is divided by 78?
33
What is the remainder when 457 is divided by 109?
21
Calculate the remainder when 414 is divided by 52.
50
What is the remainder when 185 is divided by 63?
59
What is the remainder when 292 is divided by 37?
33
Calculate the remainder when 221 is divided by 4.
1
Calculate the remainder when 189 is divided by 93.
3
Calculate the remainder when 708 is divided by 120.
108
Calculate the remainder when 892 is divided by 7.
3
Calculate the remainder when 2139 is divided by 21.
18
Calculate the remainder when 183 is divided by 46.
45
Calculate the remainder when 843 is divided by 120.
3
Calculate the remainder when 124 is divided by 58.
8
What is the remainder when 143 is divided by 75?
68
What is the remainder when 129 is divided by 33?
30
What is the remainder when 216 is divided by 31?
30
Calculate the remainder when 49 is divided by 26.
23
What is the remainder when 20579 is divided by 140?
139
Calculate the remainder when 1581 is divided by 2.
1
Calculate the remainder when 2068 is divided by 34.
28
What is the remainder when 503 is divided by 48?
23
Calculate the remainder when 1373 is divided by 352.
317
What is the remainder when 131 is divided by 42?
5
What is the remainder when 137 is divided by 39?
20
Calculate the remainder when 657 is divided by 209.
30
What is the remainder when 401 is divided by 58?
53
Calculate the remainder when 640 is divided by 413.
227
What is the remainder when 123 is divided by 4?
3
Calculate the remainder when 132 is divided by 51.
30
Calculate the remainder when 648 is divided by 59.
58
What is the remainder when 589 is divided by 74?
71
What is the remainder when 27018 is divided by 386?
384
What is the remainder when 22 is divided by 20?
2
Calculate the remainder when 383 is divided by 55.
53
What is the remainder when 387 is divided by 26?
23
What is the remainder when 4482 is divided by 13?
10
Calculate the remainder when 1378 is divided by 261.
73
Calculate the remainder when 209 is divided by 54.
47
What is the remainder when 395 is divided by 22?
21
Calculate the remainder when 629 is divided by 65.
44
Calculate the remainder when 264 is divided by 73.
45
Calculate the remainder when 25 is divided by 8.
1
Calculate the remainder when 103 is divided by 28.
19
Calculate the remainder when 1024 is divided by 148.
136
Calculate the remainder when 666 is divided by 67.
63
What is the remainder when 182 is divided by 56?
14
What is the remainder when 7471 is divided by 3731?
9
What is the remainder when 105 is divided by 70?
35
Calculate the remainder when 8951 is divided by 24.
23
What is the remainder when 58 is divided by 12?
10
Calculate the remainder when 13985 is divided by 26.
23
What is the remainder when 205 is divided by 109?
96
What is the remainder when 583 is divided by 51?
22
Calculate the remainder when 190 is divided by 86.
18
Calculate the remainder when 1213 is divided by 5.
3
What is the remainder when 1074 is divided by 73?
52
Calculate the remainder when 326 is divided by 33.
29
Calculate the remainder when 89 is divided by 18.
17
Calculate the remainder when 251 is divided by 63.
62
Calculate the remainder when 91 is divided by 39.
13
What is the remainder when 678 is divided by 224?
6
What is the remainder when 165 is divided by 145?